nds digit of n?
7
Let t(a) = -409*a - 17. Suppose -5*z = 2*y + 17, 4*y - 3*z - 12 = 19. Let k be t(y). What is the hundreds digit of k/(-15) + -2 + 1/(-5)?
1
Let k(f) = 5*f**3 - 3*f**2 - 2*f - 1. Let i be k(-3). Let j be 4 - ((3 - -3) + (88 - -2)). Let g = j - i. What is the units digit of g?
5
Let d(i) = 2*i**2 + 5*i + 10. Let b be d(-3). Suppose -2*v + b*o + 962 = 11*o, 3*o = 0. What is the hundreds digit of v?
4
Suppose 4*h - 348 = 2*k, -11*h + 352 = -2*k - 6*h. Let x = 229 - k. What is the tens digit of x?
9
Suppose -19*n - 378362 - 58001 = -60*n. What is the hundreds digit of n?
6
Let o(x) = -94*x**3 - 7*x**2 + 15*x. What is the ten thousands digit of o(-5)?
1
Let g be (-7)/((-84)/(-9))*-3344. Suppose -g = -24*q + 13*q. What is the units digit of q?
8
Let x(y) = 26*y + 52. Let r be x(-4). Let u = r - -170. What is the units digit of u?
8
Let g = 39954 - 18859. What is the thousands digit of g?
1
Suppose 135*d = 59*d + 642504. What is the tens digit of d?
5
Let v(m) = -25 - 36*m + 12 - 23. What is the hundreds digit of v(-4)?
1
Let w = 4267 - 3139. What is the hundreds digit of w?
1
What is the units digit of 1773389/85 - 120/50?
1
Let q(m) = -1078*m + 1093*m - 4*m**2 + 32 + 5*m**2. Let r = 27 + -43. What is the tens digit of q(r)?
4
Let a = 397 - -200. What is the units digit of a - (-40)/16*(-8)/(-10)?
9
Let p = 38 + -33. Suppose -20 = 2*q - p*q - y, 14 = q + 4*y. Let j(i) = i**2 + 2*i - 1. What is the units digit of j(q)?
7
Let o(f) = -7997*f**2 - 9*f + 2. Let s be o(1). What is the units digit of 1 + (s/(-4))/3?
8
Let a = 51 - 49. What is the tens digit of 80/160 - (-2281)/a?
4
Suppose 106 = -16*b + 170. Suppose 2*j + 2*j - y - 25 = 0, j - y = 7. What is the tens digit of j/b - (-6072)/48?
2
Let j(w) = -w**2 + 13*w - 38. Let y be j(9). What is the thousands digit of 10 + -2 - (-1301 + y)?
1
Suppose s - 5*z + 40 = 0, 0 = -2*s + 3*z + 28 - 143. Let x = s + 65. Suppose l - 4*j - 115 = x, -2*l + 2*j + 210 = -2*j. What is the tens digit of l?
9
Let o(z) = z**3 - 16*z**2 - 35*z - 22. Let y be o(18). Let m be (4 - 2)*y - 6/(-3). Let l(k) = 2*k**2 + 6*k + 37. What is the tens digit of l(m)?
7
Suppose 12*n = 13*n + 868. Let q = n + 1400. What is the hundreds digit of q?
5
Suppose 0 = -6*u + 19*u - 52. Suppose 440 + 151 = l + 3*x, -563 = -l + u*x. What is the units digit of l?
9
What is the thousands digit of (-330)/(-2)*93*33/99?
5
Let l = -58 + 58. Suppose -9 = 3*p, l = -3*k - 2*p + 9. Suppose -5*o = -4*y - 104, -4 - 96 = -k*o + 5*y. What is the tens digit of o?
2
Suppose f - 18469 = 4*t, -2*t = 795*f - 799*f + 73904. What is the thousands digit of f?
8
Suppose 0 = 61*m - 45*m - 18864. What is the hundreds digit of m?
1
What is the units digit of 366 + -369 + -1 + 83040/2?
6
Let x(f) = -49*f - 3. Let r = 140 - 143. What is the hundreds digit of x(r)?
1
Suppose 6*y + 324 = 2*y + 3*p, p + 340 = -4*y. Let b(u) = 178*u - 17. Let m be b(1). Let a = y + m. What is the tens digit of a?
7
Suppose 0 = 2*f + 3*p - 87692, 0 = -2*f + 5*p + 95737 - 8061. What is the hundreds digit of f?
8
Suppose 181 + 203 = 4*g. Let v = -96 + g. Suppose v = w - q - 53, -5*w + 194 = -2*w + 4*q. What is the units digit of w?
8
Suppose 0 = 2*m - 3*m. Suppose 1 = -n + j, 3*n + m*n = -4*j - 3. What is the units digit of (4/12)/((-264)/(-261) + n)?
9
Let b = -1256 - -11226. What is the units digit of b?
0
Let i = 23 + -16. Suppose 4*o = i*o - 444. Suppose 14*h - 18*h = -o. What is the units digit of h?
7
Suppose -7068 = -3*i + 5*r, -1947 = -5*i + 5*r + 9833. What is the hundreds digit of i?
3
Let w = -5678 + 57634. What is the hundreds digit of w?
9
Let f(s) = 36*s + 39. Suppose 4*d + 2 = 2*v - 0*d, -4*v = d - 40. What is the hundreds digit of f(v)?
3
Suppose 0 = 3*k + 9, -2*d - 2*k = -105714 - 28400. What is the thousands digit of d?
7
Suppose 2*k = -5*a + 155653, 0 = 5*a + 600*k - 602*k - 155677. What is the hundreds digit of a?
1
Let r be ((-16)/3)/(59/4248). Let n = 918 + r. What is the tens digit of n?
3
Suppose -3389156 - 3246276 = -138*u - 1044776. What is the tens digit of u?
1
Suppose 0 = 26*q - 51941 - 160505. What is the units digit of q?
1
Let k(u) = -3*u**3 - 35*u**2 + 47*u - 155. What is the ten thousands digit of k(-27)?
3
Suppose 178490 = -377*q + 387*q. What is the ten thousands digit of q?
1
Let j = 218 - 215. Let r(z) = 504*z + 70. What is the hundreds digit of r(j)?
5
Suppose -3*m - 15 = m - 3*l, 3*m = 3*l - 12. Let w = 178 - m. What is the tens digit of w?
8
Let n be ((-88)/(-16) - -5)*(-5 - 1). Let w = -20 + n. Let x = w - -130. What is the tens digit of x?
4
Suppose 0 = 5*v - 8*v + 6. Suppose -4*d - 1 + 89 = -4*h, -5*h = -v*d + 32. Let g = -11 + d. What is the units digit of g?
5
Suppose 3*k - 3*m = 8*k - 41, 17 = k + 5*m. Suppose 0 = -k*i + 4714 + 4141. What is the thousands digit of i?
1
Suppose 2*g - f - 8490 = 0, 3*g - f = -0*f + 12734. Let p = -2999 + g. What is the thousands digit of p?
1
Let c = 214 - -527. Let v = -331 + c. What is the hundreds digit of v?
4
Suppose -317220 = 1296*n - 1356*n. What is the units digit of n?
7
Let r(x) = -99*x - 4. Let n be r(-2). Let s = n - 27. What is the hundreds digit of s?
1
Suppose 0 = -3*v - 5*w + 27512 - 1472, 0 = 4*w + 24. What is the thousands digit of v?
8
Let k(c) = 3*c - 13. Let j be k(-17). Let y be ((-5 - -3)*-1)/(2/j). Let i = y - -194. What is the tens digit of i?
3
Let b be -17 + 2*15/6. What is the units digit of (-6)/(-4)*((-3320)/b - 2)?
2
Suppose -36 + 333 = 3*y. Let m = 116 - y. What is the tens digit of m?
1
Let n(f) = f**3 - 104*f**2 - 205*f + 3988. What is the thousands digit of n(109)?
1
Suppose 4*f - 21302 = -2*m, 3*f - 4198 = 2*m - 25486. What is the hundreds digit of m?
6
Suppose -135*c = -142*c + 7476. What is the tens digit of c?
6
What is the hundreds digit of (11 - -4) + 6079 + -20?
0
Let w = -4660 - -8362. Suppose 0 = 5*j + r - 3718, -5*j - r = 8*r - w. What is the hundreds digit of j?
7
Let s = 79 - 79. Suppose s = 8*b - 0*b - 2736. Let f = -185 + b. What is the hundreds digit of f?
1
Let i(r) = 186*r + 1. Suppose -d - 6 = -2*d. Let c be (-3)/(-6) + (2 - 9/d). What is the hundreds digit of i(c)?
1
Let d = 4452 + -2285. What is the hundreds digit of d?
1
Suppose -17*k + 323*k - 1475344 = 3687182. What is the tens digit of k?
7
What is the units digit of (969/6)/((-11)/(-88))?
2
Let y(o) = 24*o - 6. Suppose 9*u = k + 10*u + 8, 0 = -3*k + 4*u + 4. Let a be k*69/(-60) + 2/5. What is the tens digit of y(a)?
1
Suppose -4*h - 267 = -7*h. Let w = -87 + h. What is the units digit of 695/10 - w/(-8)*-2?
9
Suppose b + 13*i - 11*i = 14792, 5*b + 3*i - 73932 = 0. Suppose b - 4608 = 16*q. What is the hundreds digit of q?
6
Suppose -3*w - 22*t = -18*t + 23, 0 = -5*w + 4*t - 17. What is the units digit of (w + 413/4)/((-15)/(-160))?
8
Let l = -242 + 933. Suppose -1775 = -5*o - 4*s - l, 4*s = -o + 220. What is the hundreds digit of o?
2
Let f be ((-138)/30)/((-1)/5). Let z(c) = 16 - 10 + f + 1 + 2*c**2. What is the units digit of z(-8)?
8
What is the hundreds digit of 9 + -15 - 3/((-12)/31808)?
9
Let u(k) = 39*k + 43. Let r(a) be the second derivative of 19*a**3/6 + 21*a**2/2 - 9*a. Let s(o) = -7*r(o) + 4*u(o). What is the units digit of s(6)?
3
Suppose 55*r - 936240 = -23*r - 2*r. What is the hundreds digit of r?
7
Let d(h) = 52*h + 20. Let p be 4/(-4)*-2*-1. Let k be d(p). Let g = 111 + k. What is the units digit of g?
7
Let z(d) = 2045*d**2 + 83*d + 2. What is the units digit of z(4)?
4
What is the tens digit of (27 + -2)/((-2262)/(-753) + -3)?
7
Let b = 94 + -90. Suppose 2*v - b*s - 12 + 56 = 0, 4*v - 3*s = -113. Let u = 88 + v. What is the units digit of u?
6
Let f = -7591 - -12336. What is the tens digit of f?
4
Let h = 49 - 61. Let r be h/(-90)*-3 - 242/(-5). Suppose -876 = -6*q - r. What is the tens digit of q?
3
Let w(j) = -70*j + 43. Let y be w(-8). Suppose 0 = -3*r + 4*x + 648, 5*r - y = 2*x + 463. What is the tens digit of r?
1
Suppose -3*c + 3*t + 9533 = -2*c, 4*c = 2*t + 38192. What is the units digit of c?
1
Let d be (((-11118)/12)/(-17))/((-2)/12). Let i = 386 + d. What is the units digit of i?
9
Let a(v) = -2*v**3 + 3*v**2 + 21*v + 3. Let y be a(9). Let u = 1451 + y. What is the units digit of u?
8
Let q(x) = -4*x - 27. Let c be q(9). Let d = 67 + c. Suppose -3*b = d*u - 456 